8 = 0. List the prime factors of 9/x + 7 + 0.
2, 5
Let p = 3 - 1. Suppose 0 = p*r + 2*r - 84. Suppose 5*z + n - r = 0, 2*z + 2 = 3*n + 7. List the prime factors of z.
2
Let y = -32 + 116. List the prime factors of y.
2, 3, 7
Let a(i) = -i + 1. Let y be a(-2). What are the prime factors of 40 + (-3)/y + 0?
3, 13
Let b(i) = -i + 14. Let p be b(12). Suppose p*x - 61 + 7 = 0. List the prime factors of x.
3
Let w(h) = -h + 3. Let i be w(0). Suppose -2*l = -3*q - 6*l + 10, -l + i = q. List the prime factors of 16/q*(-25)/(-20).
2, 5
List the prime factors of ((-6842)/(-4))/11 + (-2)/4.
5, 31
Suppose -17 = 2*t + 5*d, -t + 5*t = 5*d - 109. What are the prime factors of -2*(t/2 - 0)?
3, 7
Let p(a) = 3*a**2. Let t be (-2)/3*(-9)/6. Let o be p(t). List the prime factors of 17/2 - o/6.
2
Let v = 0 + -1. List the prime factors of -2 + v - -6 - -7.
2, 5
Suppose -5*y - 4*w + 116 = 0, w + 3*w = -4*y + 96. List the prime factors of y.
2, 5
Let s(c) = 2*c**2 - 4*c + 2. Let m be s(5). Suppose 5*g + 26 = 2*z, -3*z = 2*g - 45 - m. List the prime factors of z.
23
Let a(c) = c**3 + 13*c**2 - 20*c - 17. List the prime factors of a(-13).
3
Let n(y) = -9*y**3 - y**2 + 1. Let z be n(-1). What are the prime factors of -1 + -1 + (z - -1)?
2
Let t(u) = -7*u + 7. What are the prime factors of t(-6)?
7
Suppose 3*g - 181 = -2*n, -5*n + 186 = 3*g - 2*n. Let f = -18 - -27. Suppose 0 = 4*z + f - g. What are the prime factors of z?
2, 3
Let a = 57 - 32. List the prime factors of a.
5
Let c = 18 + -15. List the prime factors of 32 + 3*2/c.
2, 17
Suppose 2*r + 3 = -5*m - 3, 3*r + 9 = -5*m. Suppose 50 = -m*l + 5*l. Suppose 5*n + 0*n - l = 0. What are the prime factors of n?
2
Let p(h) = 2*h**2 + 16*h + 15. What are the prime factors of p(-17)?
3, 107
Suppose 0 = -5*l + 86 + 1749. List the prime factors of l.
367
Suppose -4*s + 3*s + 3 = 0. Suppose -4 = -2*o, -s*a - 2*o + 45 = o. What are the prime factors of a?
13
Suppose 0 = 25*p - 21*p - 28. Let k(y) = y**2 - 1. Let u(c) = -c**3 + 11*c**2 + 7*c - 11. Let s(m) = 5*k(m) - u(m). List the prime factors of s(p).
2, 3
Suppose -42 - 19 = 5*h - 2*g, 0 = -2*h - 5*g - 36. Let a = 9 + h. What are the prime factors of 3*(-1)/6*a?
2
Suppose -4*q + 10 = -q + p, -3*q = -4*p + 10. Suppose 2*z = -q*z - 5*y + 173, 3*y = -2*z + 89. What are the prime factors of z?
37
Let m = 36 + -72. Let i be 0/(-3) + m + 2. Let t = i + 47. List the prime factors of t.
13
Suppose -7*h - 36 = -3*h. Let m = -45 - -32. Let r = h - m. List the prime factors of r.
2
Suppose 2*h - 3*h - k = -14, -4*h + 3*k = -77. Let z = -11 + h. What are the prime factors of z?
2, 3
Let f(y) = y**2 - 5*y + 4. Let w be f(12). Suppose 4*g - w = 16. List the prime factors of g.
2, 13
Let d = 66 - 47. List the prime factors of d.
19
Let g(k) be the first derivative of k**4/4 + k**2 + k + 7. What are the prime factors of g(2)?
13
Let v(r) = -14*r + 42. What are the prime factors of v(-14)?
2, 7, 17
Suppose 0*u = -3*g - 3*u - 3, 5*u = 4*g - 23. Suppose -4*h - 4*s = 24, g*h + 27 = s - 6*s. What are the prime factors of (2/(-2))/h + 8?
3
Let o = -6 + 30. Suppose -d = -4*d + o. What are the prime factors of d?
2
Suppose 5*s - 5*k - 235 = 0, 0*k - 4*k = -2*s + 88. Suppose 3*t - t = s. What are the prime factors of t?
5
Let t = 159 + -113. List the prime factors of t.
2, 23
Let y(b) = -b**2 - 11*b + 6. What are the prime factors of y(-5)?
2, 3
Let f(m) = 2*m - 6. Let s be f(5). Suppose -s*t + 3*t + 1 = 0. Suppose 5*l - 9 = t. What are the prime factors of l?
2
Suppose 0 = -6*x + 33 - 3. What are the prime factors of x?
5
Let a(u) = u**3 + 7*u**2 - 10*u - 5. What are the prime factors of a(-7)?
5, 13
Let g = -281 - -476. List the prime factors of g.
3, 5, 13
Suppose 5*i + 245 = -70. Let m = -117 - i. What are the prime factors of (m/(-12))/((-6)/(-8))?
2, 3
Let p(b) = b + 4. Let a be p(0). Suppose o + 0*o = a. What are the prime factors of o?
2
Let q = -247 + 362. Suppose 0 = 6*o - o - q. What are the prime factors of o?
23
What are the prime factors of 20/(-1 + 2) - -1?
3, 7
Let n = -36 + 14. Let x = -11 - n. List the prime factors of x.
11
Let w(b) = b**3 + 5*b**2 - 7*b + 8. Suppose 5*t = -34 + 4. What are the prime factors of w(t)?
2, 7
Suppose -3*w + 0*w + 210 = 0. List the prime factors of w.
2, 5, 7
Suppose -2*j = x - 357, -j = 5*x - x - 1463. List the prime factors of x.
367
Suppose 5*h + 3 = 8. List the prime factors of h/(-2 - 61/(-30)).
2, 3, 5
Let d(m) = m**2 - 3*m + 7. Let x(v) = v**2 - 3*v + 6. Let w(p) = 3*d(p) - 4*x(p). Let i be w(2). Let k = i - -11. List the prime factors of k.
2, 5
Let l be (-4)/(-18) - (-48)/27. Suppose 8 - 134 = -5*f - 3*a, -l*a = 6. List the prime factors of f.
3
Suppose -17 + 5 = -2*l. List the prime factors of l.
2, 3
Suppose -2*t - 5*f + 20 = 2*t, 2*t + 16 = 4*f. Suppose -2*k + 1 + 1 = t. List the prime factors of 15 - (-1 + 2 + k).
13
Suppose 4 = -2*z, -2*l + 2*z + z = -36. What are the prime factors of l?
3, 5
Let g = -21 + 31. Let z = g + -6. Suppose -8*s + 16 = -z*s. List the prime factors of s.
2
Let m be 29 - (-1 + 2 + -2). Let l = m - 14. List the prime factors of l.
2
Suppose 0 = -x + 2 + 4. Let l be (-64)/6 + (-2)/x. Let w = l - -24. What are the prime factors of w?
13
Suppose 4*u - g - 56 = 0, 2*u + 0*u + g - 34 = 0. List the prime factors of (9/u)/((-3)/(-15)).
3
Let l(s) = s**3 - 6*s**2 + s - 6. Let h be l(6). Suppose -20 = -4*d + 4*z, h = -d + 4*z + 15 - 4. List the prime factors of d.
3
Let q = -4 - -3. Let y = 4 + q. List the prime factors of y.
3
Let h = 7 - 4. Let x = 8 - h. Suppose 0*k + x = k. List the prime factors of k.
5
Let v(n) = -n**3 + 5*n**2 + 8*n - 8. Let w = 10 + -4. Let c be v(w). Suppose 0*s - 20 = -c*s. List the prime factors of s.
5
Let h = -5 - -50. What are the prime factors of h?
3, 5
Let l(t) be the second derivative of -t**5/20 + t**3/6 + 15*t**2/2 - 3*t. List the prime factors of l(0).
3, 5
Let o = -155 - -259. List the prime factors of o.
2, 13
Let r = -4 - -9. Suppose 11 = r*j - 34. What are the prime factors of j?
3
Let l = -6 + 9. Let y(z) = 0 + l*z - 6*z + 2. What are the prime factors of y(-4)?
2, 7
Suppose 8 = -4*w, -29 + 8 = -5*z + 3*w. Let x(s) = s**3 - 4*s**2 + 4. Let n be x(z). Let b(r) = -r + 2. What are the prime factors of b(n)?
7
Let p(r) = r**3 + 8*r**2 + r + 10. Let x be p(-8). Suppose -3*l - 2 = -4*l. Suppose -l*g - 1 = 3*o, x*o - 33 = 4*g - 7. What are the prime factors of o?
3
Let p be 5 - (-3)/(5 + -2). Let w be p - 4 - 1*-1. Let b = 7 - w. What are the prime factors of b?
2
Let l = -11 - -5. Let u = l + 9. Suppose u*c + 4*i - 56 = 0, -3*i + 70 = 3*c + c. What are the prime factors of c?
2
Let x(r) = r**2 - 5*r. Let o be x(5). List the prime factors of o/2 + 39/3.
13
Suppose v = 2*v - 33. What are the prime factors of v?
3, 11
Let r(x) = x**2. Let q be r(-2). Let b = 40 + -7. Suppose -24 = -q*t + l, -5*t + 0*l = -2*l - b. List the prime factors of t.
5
Let z = -44 - -269. Suppose -3*r = 2*r - z. What are the prime factors of r?
3, 5
Let f = 44 + 22. What are the prime factors of f?
2, 3, 11
Let h be (61/(-3))/((-6)/18). Let d = h - 26. Let f = d + -17. What are the prime factors of f?
2, 3
Suppose -j = -5*j - u + 364, -2*u = 0. List the prime factors of j.
7, 13
Let p = 3 - 1. Suppose p*u - 8 = -2. Suppose 4*l = -3*s + 41, u*l + 5*s - 17 = 11. What are the prime factors of l?
11
Let o(k) = 3*k**2 + k - 8. Let a(r) = -r**2 + r + 1. Let j(y) = 4*a(y) + o(y). Let m(i) = i + 6. Let l be m(-3). List the prime factors of j(l).
2
Let t = -35 - -35. Let l = 41 - 23. Suppose l = 3*x - t. What are the prime factors of x?
2, 3
Suppose z - 17 - 11 = 0. Let q = z + -4. List the prime factors of q.
2, 3
Let u be 7/2 - (-2)/(-4). Suppose -4 = -r - u. Suppose -5 = -2*b + r. What are the prime factors of b?
3
Let c be (6/(-4))/(3/(-6)). Suppose -c*m + 27 = -0*m. Suppose 5*r = -m + 44. List the prime factors of r.
7
Let g be 2 + 0 - (-92)/2. What are the prime factors of -2 - g/(-3) - 2?
2, 3
Suppose -4*o = -3*m + 46, m + 2 = 4*o + 28. What are the prime factors of m?
2, 5
Suppose -10 = 2*j, -3*g - 3*j = 2*j + 19. List the prime factors of g.
2
Suppose 4*w = 2*w + 2. Suppose 3 = d - w. List the prime factors of d.
2
Suppose 3*n = -2*n - b + 654, 4*b = 2*n - 244. List the prime factors of n.
2, 5, 13
Let m(f) = 5